-3*p - 3*h. Let b = p - v. Is b a composite number?
False
Is ((-5)/(-120)*8)/(3*(-4)/(-5024556)) a prime number?
True
Let d be ((-12)/3 - 1)*(-8)/(-10). Let r(o) = -o**3 - 3*o**2 + 3*o - 4. Let w be r(d). Let y(k) = -11*k + 491. Is y(w) a prime number?
True
Let y(v) = -238*v + 161663. Is y(0) a composite number?
True
Is -6 + 15 + (4 - (-21808 + 4)) a prime number?
True
Is 8/(-2)*522387/(-24)*4/6 a composite number?
False
Let x(f) = -527*f + 3. Let b(u) = -263*u + 1. Let q(i) = -9*b(i) + 4*x(i). Is q(2) composite?
False
Let m(v) be the first derivative of -23*v**4/2 + 4*v**3/3 - 7*v**2/2 + 16*v + 32. Let b be m(4). Let q = 479 - b. Is q prime?
True
Let i = -363 - -633. Suppose -272*l + i*l = -27994. Is l a composite number?
False
Suppose 5*p - 42 = 2*k - 16, 0 = -4*p - 4*k + 4. Suppose 0 = -2*b - b, -4*b = p*q - 35572. Is q prime?
True
Let d(t) = 36*t**3 - 13*t**2 - 13*t + 117. Is d(25) prime?
True
Suppose -32*j + 14551 = -28*j - z, 3*z - 18176 = -5*j. Is j a prime number?
True
Suppose -5*n - 60740 = -q, 4 - 24 = 4*n. Is q composite?
True
Let d(y) = 2*y**3 - 3*y**2 - 4*y - 4. Let z be d(4). Let b be ((-1)/3)/((-125)/z + 2). Suppose 837 = 5*h + f - 179, 2*h = b*f + 402. Is h a composite number?
True
Let l(k) = k**3 - 3*k**2 + k - 38. Let r = 368 - 347. Is l(r) a prime number?
False
Let o = 207 - 1329. Let n = 695 - o. Is n a composite number?
True
Let p = -77 - -74. Let n be p/(-3) - 1 - (4 + -18). Suppose -2668 + 9206 = n*q. Is q a prime number?
True
Is 56394500/280 + 3/28*8/12 prime?
False
Suppose -q - 4*q = 3*z - 1, -13 = z - q. Is 20/z*71698/(-55) composite?
False
Let h be (461/(-3) + 0)/(3/(-9)). Let m(y) = h*y**3 - y**2 - 8*y + 2 + 60*y**3 + 7*y. Is m(1) composite?
False
Let k be (-104)/(-169)*(-26)/(-4). Suppose 2*w - 7703 - 5101 = 0. Suppose -k*i = 2*i - w. Is i a prime number?
False
Let d = 93 - 98. Is (-48610)/d*(-1)/(-2) a prime number?
True
Suppose 0*s = -2*s + 8. Let d(r) = -46*r**2 - 2*r + 10. Let k be d(s). Let h = 4087 + k. Is h composite?
True
Let m(k) = 745*k**2 - 2 - 2*k + 8 - 7. Let a = -3 - -2. Is m(a) prime?
False
Let x = -542 + 3712. Let q = 5453 - x. Is q a prime number?
False
Let s = -164 + 1033. Suppose -25336 - s = -5*t. Is t a prime number?
False
Suppose -2*i - 225486 = -5*o - 652578, 4*o - 5*i = -341677. Is (o/(-14))/((-17)/(-119)) a prime number?
True
Let m(h) = 3*h**2 - 13*h + 27. Suppose 9*d + 31 - 220 = 0. Let j be (-1*d)/(-3)*-2. Is m(j) prime?
True
Let f = 606 + -601. Suppose 0 = 2*l + 4*g - 32298, l + 3*l - 64608 = -2*g. Suppose -f*q + 0*y + 16137 = 4*y, 0 = -5*q + 4*y + l. Is q prime?
True
Suppose -16*o = -11*o + 3*p - 386747, 3*o - p - 232065 = 0. Is o a composite number?
True
Let i(q) = 2312*q + 391. Is i(6) composite?
True
Let b(l) = -488*l**2 - 2*l - 1. Let t(v) = -490*v**2 - 3*v - 1. Let r(f) = 5*b(f) - 6*t(f). Let g be r(-2). Suppose -7*w + 6*w = -g. Is w prime?
False
Let n(m) be the third derivative of 17*m**7/1680 - 11*m**6/720 - 11*m**5/20 + 7*m**2. Let a(s) be the third derivative of n(s). Is a(8) a composite number?
False
Let w(q) = 9628*q**2 - 55*q + 107. Is w(2) prime?
False
Let j(q) = -q**3 - 4*q**2 - 2*q + 1. Let o be j(-3). Let y(a) = 425*a**2 + 2*a + 2. Let m be y(o). Suppose -m = -12*t + 90. Is t prime?
True
Let f be 1/(-5)*-6*63350/28. Suppose 2*l - 9408 = -4*l. Let c = l + f. Is c a prime number?
True
Let r = 93650 - -136773. Is r a prime number?
False
Suppose k = 3*p - 24, 7*k - 5*k = -p - 13. Is 1*4 + (k - -9514) composite?
True
Suppose -203*g = -167*g - 115956. Is g a composite number?
False
Let h(u) = 80*u - 15. Suppose -9 = -15*o + 14*o. Let q be h(o). Suppose 0 = 9*i - 14*i + q. Is i prime?
False
Suppose p = 3, 2*b + 75 = -3*p + 4*p. Is 6/4*(-20688)/b prime?
False
Let p = -95 - -99. Let o be 16/p*(1 + -3 - -3). Suppose -4*w + 1646 = -3*g, w - 421 = -o*g - 0*g. Is w a composite number?
True
Suppose 47*b + 60*b = 21997034 + 31496867. Is b a prime number?
True
Let n(d) = -d**3 - 13*d**2 + 16*d + 26. Let s be n(-14). Is (18229*(-2)/s)/(4 + -3) composite?
False
Let y(f) = 177*f + 829. Is y(52) a prime number?
False
Let d be (11/(-5) - -1)/(64/(-1120)). Suppose 13 = -4*m + d. Suppose x + 4*u - m*u - 735 = 0, 0 = x - u - 750. Is x prime?
False
Suppose 2*k - 2 = 0, -1 - 1 = 5*y + 3*k. Let o be (-378 - 4)/(y/(0 - -3)). Suppose 9*m - o = 3*m. Is m a composite number?
False
Let d(t) = -3*t**2 - 15*t + 2. Let c be d(-5). Suppose 0 = c*q - 3*a - 12590, 3*q - 7*a + 8*a - 18885 = 0. Is q a prime number?
False
Let y = 37444 + -25911. Is y prime?
False
Let z(h) = 6*h**3 - 20*h**2 - 306*h - 1. Is z(21) prime?
False
Let v(o) = -10*o - 188. Let c be v(-19). Suppose -3*n = n + 12, 1276 = c*d - 2*n. Is d a composite number?
True
Suppose 4*i + 3*o - 107936 = 0, -3*i + 81940 = o + 993. Is i a prime number?
True
Let a be -1*2/4*0. Suppose 3*l + 11 = -4*r, a = 3*l + 5*r + 8 + 8. Is (-137)/(-4) - l/(-4) prime?
False
Suppose -2*p = 6796 + 11074. Suppose 0 = -3*k + 15, -4*w + 6*w - 4*k = 28864. Let f = w + p. Is f composite?
False
Let b(o) = 262*o + 18391. Is b(0) prime?
False
Suppose 3*v - 2*w = 42356, 4*v - 5*w - 15313 = 41157. Let h = 24547 - v. Is h a prime number?
True
Let q(d) = 26*d**3 - 4. Let h be q(3). Suppose -2*i + g - 5*g + h = 0, -5*i + 1793 = -2*g. Suppose -b + i = 120. Is b a prime number?
False
Suppose -4*h - 200646 = -2*d + 52432, 253078 = 2*d - 3*h. Is d a prime number?
False
Let d be (-2 + 11/4)*-4*-42. Let c be 1/((-2)/(-10)*(-30)/d). Let v = c + 694. Is v composite?
False
Let g(o) = -o**2 - 16*o + 39. Let c = -39 + 21. Let r be g(c). Suppose 0 = 5*f - 0*f - 4*d - 7201, -4*f + 5767 = r*d. Is f prime?
False
Suppose -31*v + 7142969 = 22*v. Is v composite?
True
Let r(n) be the second derivative of -n**5/20 + 7*n**4/12 - 4*n**3/3 + 6*n**2 + 20*n. Let b be r(6). Suppose b = -s - 39 + 356. Is s a composite number?
False
Let j = 289739 - -89528. Is j composite?
True
Let d be 5*1/((-5)/4). Let i(k) = k**2 - 15*k - 48. Let l be i(18). Is 6/18*l*(-886)/d a composite number?
False
Let d = 36 - 36. Suppose d = -4*i + i - 3*i. Suppose i = -6*v + 1555 + 3563. Is v composite?
False
Suppose 8*h - 8 = 6*h. Suppose -3*z = -3*w + 27, h*z + 2*w = -0*z - 42. Let c = z - -29. Is c prime?
True
Let y be 18898/(-8) + 35/28. Let u = y + 4010. Is u composite?
True
Let b(f) = 193*f**2 - 8*f - 26. Let g be b(-3). Let p = -992 + g. Is p composite?
False
Suppose -5*x + 128752 = 2*f - 23481, 0 = -4*x - 3*f + 121778. Is x composite?
False
Suppose 0 = 5*j + x + 191, -91 = 3*j - x + 30. Let k = j - -44. Suppose 0 = -3*c - 4*h + 439, -k*h - 285 = -2*c - 0*c. Is c composite?
True
Suppose -3*o = -29 + 8. Let u(w) = -3*w**2 + 55*w - 65. Let z be u(17). Suppose o*q = z*q + 1012. Is q prime?
False
Let j = 55 - 50. Suppose -j*c + 19 = 4*g, -5*c = 6 - 21. Let d(z) = 199*z. Is d(g) a composite number?
False
Let w = 973347 + -670588. Is w prime?
True
Let v = 310292 - 153490. Is v a prime number?
False
Suppose 4*b = 3*n - 385799 - 1186020, -3*b = 6. Is n composite?
False
Let c(u) = -180*u - 13. Let w(l) = l**3 + 17*l**2 - 2. Let i be w(-17). Is c(i) prime?
True
Let l(r) = 20043*r - 158. Is l(7) a prime number?
True
Let s = 199 - 96. Suppose -96*f + s*f - 8519 = 0. Is f a composite number?
False
Suppose 0 = -273*c + 241*c + 30368. Is c a composite number?
True
Let o be ((-2)/(-6))/((-2)/(-24))*1. Suppose o*c = 28*c - 135912. Is c a composite number?
True
Let k(n) = -403*n**2 - 2*n + 105. Let c(z) = -202*z**2 + 53. Let r(d) = 11*c(d) - 6*k(d). Is r(4) a composite number?
False
Suppose 4*r - 3*a = 96400, 3*r + 18*a - 72303 = 21*a. Suppose 4*x - 5*f - 32136 = -10*f, r = 3*x + 5*f. Is x a composite number?
False
Is ((-981528)/72)/(1/(-33)) a prime number?
False
Suppose -2*s = -5*m + 4189917, -5*m - 4*s + 4189971 = -0*m. Is m prime?
False
Suppose -4077*t + 4060*t = -6425677. Is t composite?
False
Let c be -2*(-1)/(-3)*(-8 + 5). Suppose 6*v + 3*x = 3*v + 3087, 2*x + 2078 = c*v. Suppose 0 = -l - 2*k - 3*k + v, -2*l - k = -2077. Is l a composite number?
False
Let q(a) = -297*a + 3. Let c be q(-7). Let l = -106 + 1419. Let t = c - l. Is t composite?
False
Let o be (12/(-9) + 1)/((-1)/24). Is (-1*2)/(6 - o)*509 a prime number?
True
Suppose 3*h - 225706 = -p, 2*p - 3*p + 225701 = 2*h. Is p a prime number?
False
Let f(t) = 40796*t + 5157. Is f(